Let k(x) = 2*x. Determine k(o).
8
Let b be 1/(4*(-5)/100). Let z(w) = -w**2 - 3*w + 7. Determine z(b).
-3
Let f(q) = -3*q + 6. Suppose d + 2*d = 6. Let s(h) = h + 5. Let l be s(d). Let g = -2 + l. Calculate f(g).
-9
Let m(q) = 2*q - 3. Suppose 4*j - 3*s + 77 = 0, 0 = -0*j - 2*j - 3*s - 25. Let a = 23 + j. Calculate m(a).
9
Let f(v) = v. Let t(y) = -8*y - 4. Let l(r) = 4*f(r) + t(r). Let d(z) = -5*z - 5. Let i(m) = -3*d(m) + 4*l(m). What is i(4)?
-5
Let g(z) be the third derivative of z**4/24 - 5*z**3/3 - 245*z**2. Determine g(17).
7
Suppose s = 2*y - 8 + 1, 2*s + 10 = 0. Suppose n = -y + 2. Let j(p) = 0*p**2 + 4*p**3 + p**2 - 1 + p**3. Calculate j(n).
5
Let a(p) = 18*p + 12*p - 71 - 3*p - 7*p. Let h(c) = -7*c + 24. Let o(y) = -6*a(y) - 17*h(y). Determine o(0).
18
Let r(x) = -31 - 8 + 0*x - 4*x - 20 + 32. Determine r(-6).
-3
Let k(l) = -l**2 + 2. Let x(s) = s**2 - 3*s - 2. Let q(b) = 2*k(b) + x(b). What is q(0)?
2
Let q = 34 - 25. Let c(w) = w**3 - 13*w**2 + 13*w - 7. Let m(j) = j**3 - 12*j**2 + 12*j - 8. Let k(s) = 2*c(s) - 3*m(s). Give k(q).
1
Let t(r) = 3*r**2 - 6*r - 3. Let n(v) = -v**2. Let s(o) = -5*n(o) - t(o). Let k(p) = -p**2 + 30*p + 27. Let x be k(31). Determine s(x).
11
Let r be (8/(-10))/((-12)/(-360)). Let h = r - -27. Let q(z) = -z + 4. Determine q(h).
1
Let j = 103 - 80. Let c be (-1)/(-5)*-2*(-18 + j). Let v(b) = 6*b + 1. Determine v(c).
-11
Let i(o) = 14 - 20*o - 26*o + 45*o. Give i(12).
2
Let u(g) be the first derivative of -g**3/3 - g - 1. Let v = 210 + -211. Let h(o) = -o**2 + 10*o + 5. Let c(m) = v*h(m) + 2*u(m). What is c(-6)?
17
Let y(g) = g + 5. Let q = -113 - -103. Determine y(q).
-5
Let q(g) = -9*g + 12. Let m be q(1). Let p(y) be the third derivative of -y**4/12 + y**3/2 - 8*y**2. What is p(m)?
-3
Let o(j) = j - 7. Let i be (-4 - 1) + 0 + -4 + 6. Determine o(i).
-10
Let d = 299 - 297. Let l(o) = o**3 - 2*o**2 - o - 2. Determine l(d).
-4
Let g = 1092 - 6551/6. Let z(b) be the third derivative of 0 + 0*b + g*b**3 + 1/60*b**5 + 8*b**2 + 1/12*b**4. Calculate z(-2).
1
Let o(y) = 2*y - 1. Let c(g) = -39*g + 18. Let s(i) = -c(i) - 18*o(i). What is s(-3)?
-9
Suppose 5*f - 19 = 3*b, 3*b + 7 = -2*b - 4*f. Let i(w) = -3*w - 11. Give i(b).
-2
Let m(v) = -212203 + v**2 - 2*v + 7*v + 212207. Determine m(-3).
-2
Let r(k) = k**3 + 6*k**2 + 3*k - 2. Let b = 46 - 43. Suppose -3*j = -j - b*g + 1, 3*j + 2*g + 21 = 0. Calculate r(j).
8
Let s(o) = 2*o - 2*o - 158*o**3 + 157*o**3 + 2 - 5*o**2 - 2*o. What is s(-4)?
-6
Suppose -4*v + 16 = -3*o - o, -2*o - 8 = 4*v. Suppose 0 = 2*i + 1 - 5. Let g(s) = -4*s + 7 + 4*s + i*s - 3*s. What is g(v)?
7
Let k(v) = 1. Let w(c) = c + 1. Let x(t) = 4*k(t) + w(t). Let d(b) = -2*b - 37. Suppose 4*g = 5*s - 89, 0 = -4*g + 3*s - 69 - 10. Let a be d(g). Give x(a).
0
Let w(p) = -6*p**2 - 26*p + 13. Let j(k) = 7*k**2 + 30*k - 14. Let b(t) = -5*j(t) - 6*w(t). What is b(-9)?
19
Suppose 59*w - 3 + 3 = 0. Let a(j) be the second derivative of w + 1/3*j**3 - 9/2*j**2 + 6*j. What is a(6)?
3
Suppose -9 = -16*z + 15*z. Let m(r) = -r**2 + 8*r + 16. What is m(z)?
7
Let x(p) = -p**3 + 4*p**2 - 4*p - 5. Suppose -7*k + 11*k + 2*g = 12, 2*k = 2*g + 12. What is x(k)?
-21
Let z be (-2)/8 - 22/8. Let o be (1 + 2 + z)*-1. Let p(w) = -7*w**2 + 6*w - 8. Let h(m) = -20*m**2 + 17*m - 23. Let a(c) = -6*h(c) + 17*p(c). Determine a(o).
2
Let w be (-4)/4*3/(-3). Let q(r) be the second derivative of -5*r**3/3 + r**2/2 + 11*r + 4. Give q(w).
-9
Let i be (-6)/(-9) + (-2)/(-6). Let q(d) be the second derivative of d**5/20 - d**3/3 + d**2/2 + 46*d. Give q(i).
0
Suppose -2*q - 24 = -2*h, 86*q - 34 = -2*h + 83*q. Let s(f) = f**2 - 14*f - 4. Determine s(h).
-4
Let i be 39/4 + -2 + 2/8. Suppose 2*t + 2*t = 3*k + 7, -4*k + 4*t - i = 0. Let z(x) = 5*x**2 + x + 1. Calculate z(k).
5
Let u(i) = i**3 + i + 1. Let d(l) = -3*l**3 - 2*l**2 - 3. Let o(x) = -d(x) - 2*u(x). What is o(2)?
13
Let n(a) be the first derivative of 3*a**2 + 34*a - 820. Determine n(-6).
-2
Let k(h) = 15*h - 3. Let l(n) = -n**3 + 2*n**2 + 3*n - 4. Let d be l(2). Give k(d).
27
Let n = 11 + -6. Let p(o) = 5*o**2 + 9*o + 7. Let m(l) = 2*l**2 + 5*l + 4. Let k(d) = n*m(d) - 3*p(d). Let f = -156 + 155. Calculate k(f).
-4
Let t(u) be the second derivative of -u**3/3 - u**2/2 - u. Let k = 45 - -47. Let p = -95 + k. What is t(p)?
5
Let z(v) = -3*v**2 + 14*v + 5. Let y be 1*-3 + (-8 - -20). Suppose y*x - 8*x + 7 = 0. Let u(i) = 4*i**2 - 21*i - 8. Let w(m) = x*z(m) - 5*u(m). Calculate w(-5).
-5
Let i(y) = y + 2. Let n(t) = -2*t**2 + 18*t - 22. Let x be n(7). Calculate i(x).
8
Let v(r) = r + 2. Let q(y) be the second derivative of -1/6*y**3 + 0*y**2 - 9*y + 0*y**4 + 0 + 1/20*y**5. Let z be q(2). What is v(z)?
8
Let c = 154 + -147. Let g(o) = -o**2 + 5*o + 8. Determine g(c).
-6
Let b(q) = -q**2 - q + 4. Let t be 1 + (2 + -2 - 1). Determine b(t).
4
Let o(v) = -v**2 - 1. Let w(q) = -2*q + 24. Let k be w(7). Suppose 0 = -5*z - k. Determine o(z).
-5
Let u(a) = 2*a**2 + 27*a - 13. Let z be u(-14). Let w(o) = -o**3 + 11*o**2 - 4*o - 9. Let c(i) = -i**2 + i + 1. Let j(r) = z*w(r) + 5*c(r). Determine j(6).
2
Let q(k) be the first derivative of -k**3/3 - 7*k**2/2 - 3*k + 32. What is q(-7)?
-3
Let o(b) = -3*b. Suppose -10*j = -3 - 37. Give o(j).
-12
Suppose 9*k - 30 = 42. Let o(p) = 111*p**3 - k*p**2 - 55*p**3 - 55*p**3 + 6*p + 7. Give o(7).
0
Let b be (20 - 40 - -28)*18/(-8). Let k(p) = -p**3 - 18*p**2 + p - 15. Calculate k(b).
-33
Let b(w) = -15*w**3 + 24*w - 5. Let d(i) = -7*i**3 + 11*i - 2. Let k(p) = 6*b(p) - 13*d(p). Give k(3).
26
Let b(m) = 5*m**3 + 46*m**2 - 45. Let l(p) = p**3 + 9*p**2 - 9. Suppose 2*c + 10 = -3*c. Let v(a) = c*b(a) + 11*l(a). Determine v(-7).
-9
Suppose 18 = 2*x + 14. Let i(t) = 4*t**2 + 4*t - 6. Let o(v) = v**2 - 1. Let d(j) = i(j) - 5*o(j). Give d(x).
3
Suppose 3*b - 8*b = -445. Let k(u) = b*u + 0 - 87*u + 0 - 3*u**2. What is k(2)?
-8
Let m(b) be the third derivative of -b**5/60 - b**4/4 + 4*b**3/3 - 174*b**2. Suppose -2*o = -5*c - 41, 4*c + 7*o - 2*o = -13. Calculate m(c).
1
Let a(s) = s**3 + 9*s**2 + 9*s + 12. Let o(g) = 10*g - 398. Let m be o(39). What is a(m)?
4
Let b(a) = a**3 + 5*a**2 - 9*a - 6. Let x(i) = -7*i**2 - i + 2. Let u be x(1). Calculate b(u).
12
Suppose 4*y = -3*r - 157, 3*r - 6*y + 175 = -y. Let b = r + -5. Let j be b/42 + (-6)/(-14). Let q(u) = -4*u**2 - u - 1. Calculate q(j).
-4
Let q(x) = -2*x + 3. Let d(m) = m - 2. Let f(j) = 3*d(j) + 2*q(j). Let p(c) = 7*c - 1. Let g(n) = -10*f(n) - 2*p(n). Determine g(4).
-14
Let w(o) be the second derivative of -o**3/6 + 3*o**2/2 - o. Let b = -352 - -355. Calculate w(b).
0
Let c = -46 + 49. Let i(o) be the second derivative of -1/2*o**2 - 3*o + 1/6*o**c + 0. What is i(5)?
4
Let y = -5 + 14. Let z(q) = -y + 1 + 5 - q. What is z(3)?
-6
Let w(y) = -4*y + 3. Let t(f) = 3*f + 19. Let c be t(-5). Suppose -15 = c*u + 1. Determine w(u).
19
Let m be (6 + -6)*(-1 - (-9)/6). Suppose 4*s - 3*x - 16 = 0, 5*s + 4*x - 20 = -m*x. Let g(j) = j**3 - 5*j**2 + 4*j - 5. Calculate g(s).
-5
Suppose -28*v = -168 + 56. Let y(c) be the third derivative of 0*c**3 + 0*c + 1/4*c**4 + 1/10*c**5 + 1/120*c**6 - v*c**2 + 0. Determine y(-4).
8
Suppose r = -8 + 1. Let w(f) = -3*f + 1. Let l be w(r). Let q(u) = l*u**2 + 5*u + 3 - 21*u**2 - u. Calculate q(-2).
-1
Let a(x) be the third derivative of x**4/24 - x**3/2 + 78*x**2. Give a(6).
3
Let u(r) = -5*r**3 + 2*r**2 - 6*r + 1. Let v(f) = -27*f**3 + 9*f**2 - 31*f + 6. Let k(y) = 11*u(y) - 2*v(y). What is k(4)?
-17
Let c(j) = 6*j + 7. Let q(z) = -5*z - 4. Let b(m) = -4*c(m) - 5*q(m). Give b(11).
3
Suppose 0 = -3*g - 4*a - 136, g - 116 = 4*g - a. Let o be g/(-18) - 6/27. Suppose -o*k = -10 + 4. Let y(b) = -b**3 + 3*b**2 - 3*b + 2. What is y(k)?
-7
Let v(k) = -k**3 + k - 7. Let r be v(0). Let q(m) be the second derivative of -m**5/20 - m**4/2 + 7*m**3/6 + 9*m**2/2 - 39*m + 2. What is q(r)?
9
Let u(o) = 2*o**2 + 11*o + 5. Let t(l) = -4*l**2 - 24*l - 9. Let j(p) = 2*t(p) + 5*u(p). Determine j(-3).
4
Suppose 4*a - 3*p + 22 = 6*a, 5*p = 2*a - 6. Let c(r) = 5*r - 3. Let d(f) = -14*f + 8. Let v(m) = a*c(m) + 3*d(m). What is v(3)?
-6
Let h(s) = -2*s**2 + 12*s + 11. Let v(a) = -a**2 + 6*a + 5. Let d(o) = -2*h(o) + 5*v(o). Give d(8).
-13
Let i be 4/(-46) + (-2100)/(-345). Let v(m) = -m**2 + 7*m - 10. Give v(i).
-4